sor of 575280466 and 5794?
5794
What is the greatest common factor of 1640726934 and 924?
462
What is the highest common factor of 12750 and 127230?
30
Calculate the highest common factor of 1358766 and 60895.
19
What is the highest common factor of 13137 and 730689?
453
What is the greatest common divisor of 1601456 and 59792?
1616
Calculate the highest common divisor of 125185 and 215.
5
Calculate the greatest common divisor of 29229648 and 336.
336
What is the greatest common divisor of 710986 and 6568?
1642
Calculate the highest common factor of 1260358 and 504922.
1298
What is the greatest common divisor of 26326266 and 212?
106
Calculate the highest common divisor of 73869300 and 545.
545
Calculate the greatest common factor of 300132 and 12566638.
5558
Calculate the highest common divisor of 140 and 3860465.
35
Calculate the highest common divisor of 20178 and 1508004.
18
Calculate the highest common divisor of 39452208 and 741.
57
What is the greatest common factor of 53944459 and 2801?
2801
Calculate the highest common divisor of 147027760 and 275.
55
What is the highest common factor of 160898 and 1068?
2
Calculate the greatest common factor of 931 and 26827794.
49
Calculate the greatest common divisor of 20968528 and 994.
14
Calculate the highest common factor of 1736 and 650322960.
1736
Calculate the highest common factor of 1645240 and 270.
10
Calculate the highest common divisor of 937692 and 2730.
42
Calculate the greatest common factor of 2600 and 12075700.
1300
Calculate the greatest common divisor of 1918682 and 15674.
922
Calculate the greatest common divisor of 13560 and 206784.
24
Calculate the highest common factor of 704829 and 1133.
103
Calculate the greatest common divisor of 33 and 6186233559.
33
What is the greatest common divisor of 11531916 and 49368?
2244
Calculate the highest common factor of 485546 and 26.
2
What is the highest common divisor of 414085 and 1785?
35
Calculate the greatest common factor of 870 and 322020.
30
Calculate the highest common divisor of 997945 and 76726.
169
Calculate the greatest common factor of 168057 and 1925165.
71
Calculate the greatest common factor of 288 and 960936.
24
What is the highest common factor of 36249624 and 632?
632
What is the highest common divisor of 12025099 and 589062?
3167
What is the greatest common divisor of 782772 and 1862876?
6068
Calculate the greatest common factor of 408291 and 623922.
741
What is the greatest common factor of 50389224 and 2856?
408
Calculate the highest common factor of 322957954 and 242.
242
What is the greatest common factor of 30324758 and 217?
31
Calculate the highest common factor of 16854519 and 99.
33
What is the highest common divisor of 5450392 and 12?
4
What is the greatest common divisor of 3337386 and 598?
26
Calculate the greatest common divisor of 5832 and 2047761.
729
Calculate the highest common divisor of 70606 and 1025.
1
Calculate the highest common factor of 15208 and 173169694.
3802
What is the highest common divisor of 155825 and 1347225?
575
What is the highest common divisor of 91255245 and 1290?
645
What is the greatest common divisor of 934065 and 16740?
135
Calculate the highest common divisor of 143 and 15384039.
11
What is the greatest common divisor of 10016841 and 90615?
2589
Calculate the highest common divisor of 2463 and 7218.
3
What is the greatest common divisor of 11122 and 3238646?
134
What is the greatest common factor of 8130 and 75510?
30
Calculate the greatest common divisor of 2288 and 13557544.
1144
What is the highest common factor of 105 and 16295715?
15
What is the greatest common factor of 3978 and 740452?
34
Calculate the highest common factor of 69061360 and 28690.
1510
What is the greatest common factor of 69 and 221999542?
23
Calculate the greatest common divisor of 3054836 and 102884.
356
Calculate the highest common factor of 44947 and 554934925.
6421
Calculate the greatest common factor of 405 and 26590.
5
What is the greatest common divisor of 60 and 69668172?
12
Calculate the highest common divisor of 38 and 203775874.
38
Calculate the greatest common factor of 124958043 and 579.
579
Calculate the greatest common divisor of 233454496 and 88.
88
Calculate the greatest common divisor of 2377398 and 1110.
222
Calculate the greatest common divisor of 7948896 and 66775.
2671
Calculate the highest common divisor of 10 and 36216265.
5
Calculate the highest common factor of 12946980 and 610.
10
Calculate the highest common factor of 18584 and 23000.
184
What is the highest common divisor of 18096 and 22575891?
1131
Calculate the greatest common divisor of 510 and 6987.
51
What is the greatest common factor of 9544205 and 275?
55
What is the highest common factor of 5 and 10894360?
5
Calculate the highest common divisor of 6 and 248796540.
6
Calculate the greatest common divisor of 705 and 24825.
15
What is the greatest common divisor of 54750 and 226887650?
3650
Calculate the greatest common factor of 184327 and 74789.
143
Calculate the highest common divisor of 2 and 58660274.
2
Calculate the greatest common factor of 383 and 624185441.
383
What is the highest common factor of 22 and 543793096?
22
What is the highest common divisor of 237234226 and 2476?
1238
What is the greatest common divisor of 1414 and 41259106?
1414
What is the highest common factor of 15567744 and 2130?
426
Calculate the greatest common factor of 2729650 and 128975.
1925
What is the greatest common factor of 922 and 61734815?
461
Calculate the greatest common factor of 2600545 and 2960.
185
Calculate the greatest common factor of 2088 and 75792312.
2088
What is the greatest common factor of 7619 and 249622?
19
What is the greatest common factor of 854 and 111729247?
427
What is the highest common divisor of 1347 and 19989031?
449
What is the greatest common factor of 82 and 12032639?
41
Calculate the greatest common divisor of 1036 and 39112367.
259
Calculate the highest common divisor of 140481263 and 12305.
2461
Calculate the highest common divisor of 105 and 89165055.
105
Calculate the greatest common divisor of 51955137 and 13248.
207
What is the highest common divisor of 150 and 270232950?
150
Calculate the greatest common divisor of 2548 and 2966314.
26
Calculate the greatest common divisor of 36866016 and 18792.
648
Calculate the highest common divisor of 2 and 248507.
1
Calculate the greatest common divisor of 233852 and 403087.
3077
What is the greatest common divisor of 635 and 195905?
5
Calculate the highest common divisor of 2556345 and 21615.
165
What is the highest common divisor of 253949135 and 44?
11
What is the greatest common divisor of 7431215 and 185110?
865
Calculate the greatest common divisor of 6048 and 89616.
48
Calculate the greatest common factor of 921108 and 10717638.
7806
What is the highest common divisor of 661 and 18519?
1
Calculate the highest common factor of 2698 and 6719654.
38
What is the highest common divisor of 49987 and 6776?
7
Calculate the highest common factor of 332 and 4725107.
83
Calculate the greatest common factor of 75114 and 69135482.
2782
What is the greatest common divisor of 1272 and 426544?
424
Calculate the highest common divisor of 19104 and 55468464.
9552
What is the greatest common divisor of 8779918 and 98?
98
Calculate the highest common divisor of 306624 and 45984.
96
Calculate the highest common factor of 1408596 and 386096.
1636
What is the highest common factor of 7259106 and 5568?
174
Calculate the greatest common factor of 15208348 and 2748.
916
What is the greatest common factor of 7962 and 6234?
6
What is the highest common divisor of 25151438 and 338?
26
What is the highest common factor of 9770 and 47831966?
1954
Calculate the greatest common divisor of 159005 and 8519777.
2891
Calculate the greatest common divisor of 678180 and 8220.
60
Calculate the greatest common divisor of 20808 and 4248.
72
What is the highest common factor of 4584 and 1998051?
573
Calculate the highest common divisor of 62 and 27508997.
31
Calculate the greatest common factor of 86 and 1632176198.
86
What is the highest common divisor of 15910 and 13784424?
3182
What is the greatest common factor of 1988712420 and 60?
60
What is the highest common factor of 65484 